 Suppose -2*o = -4*o + q - a, -3*o = 2*q + 12. Let r(p) = -12*p - 4. What is the tens digit of r(o)?
4
Suppose -76 = -g + 56. What is the hundreds digit of g?
1
What is the units digit of 91 + 3 + (-40)/8?
9
Suppose -5*z - 10550 = -30*z. What is the units digit of z?
2
Let k(g) = -5*g**2 + 3*g + 10. Let r be k(-5). Let j be r/(-4)*(-72)/(-20). Suppose 3*s - 30 = j. What is the tens digit of s?
4
Let s = -593 + 1698. What is the units digit of s?
5
Let o(y) = -3*y + 2 + 31 - 3*y. What is the units digit of o(-10)?
3
Let c be (-4 + 4)*(-1)/(-2). Suppose -v + 40 + 18 = c. What is the tens digit of v?
5
Let b(z) = 20*z**2 + 4. Let h be b(-3). Suppose -h = -10*u + 2*u. What is the tens digit of u?
2
Suppose 0 = 29*b - 87225 + 21511. What is the thousands digit of b?
2
Let w(n) = 2*n**2 + 27*n - 88. What is the units digit of w(-39)?
1
Let n(q) = 5*q**2 - 2*q - 5. Let x(w) = 5*w**2 - w - 5. Let t(r) = -3*n(r) + 2*x(r). Let u(z) be the first derivative of t(z). What is the tens digit of u(-2)?
2
Let s = -13 - -7. What is the hundreds digit of 8/s + (-2768)/(-24)?
1
Let f = 24 + -39. Let k = f - -68. What is the units digit of k?
3
What is the tens digit of (18 - 175)/(1/(-2))?
1
Let g(q) = 6*q**2 - 28*q + 46. What is the thousands digit of g(18)?
1
Let c(p) = p + 10. Suppose -b = -1 - 2, b + 19 = 2*m. Let d be c(m). What is the units digit of d/9 - 3/9?
2
Suppose -2*a = -10, -10*w - 285 = -15*w + a. What is the units digit of w?
8
Let x = 57 - 5. Suppose 0 = x*n - 47*n - 465. What is the tens digit of n?
9
Suppose 0*f - m = -2*f + 3866, -f - m = -1939. What is the thousands digit of f?
1
Suppose 18 = -210*c + 213*c. What is the units digit of 230 - ((-8)/(-6))/((-4)/c)?
2
Let m(z) = z**2 - 5*z - 13. Let f be m(-9). Suppose 0 = -2*y + 2, y = 2*x + 4*y - f. What is the units digit of x?
5
Suppose -6*g + 24 = -2*g. What is the tens digit of (5/(25/g))/(12/330)?
3
Let r = -5 + 7. Suppose -153 - 17 = -r*y. What is the tens digit of y?
8
Suppose 0 = -14*o - 8*o + 66. Let s be (5/(-4))/((-1)/4). Suppose o*w - 27 = -s*r + 184, r - 5*w - 31 = 0. What is the units digit of r?
1
Suppose -4*a - x - 416 = 0, 0 = 3*x - 10 - 2. Let g = 173 + a. Suppose 2*j = -n + 71, 69 + g = 4*j + 3*n. What is the units digit of j?
8
Suppose -n + 25 = -6*n, 3*d - 1138 = -4*n. Suppose a - 4*a + 2*l = -d, 500 = 4*a + l. What is the units digit of a?
6
Let x(j) = 2*j**2 - 2*j + 3. Let c be x(-3). Suppose i + c = 101. Suppose -28 = 2*n - i. What is the units digit of n?
3
Let g(r) = -r**3 - 7*r**2 - 8*r - 10. Let h be g(-6). Suppose 3*l = h*o - 3, l - 2 = o - 5. What is the units digit of o?
6
Let x be 2 - ((-18)/1 - -1). Let g(d) = d**3 - 18*d**2 - 16*d - 17. What is the units digit of g(x)?
0
Let s(d) = -10*d - 6. Let t be s(-7). Suppose -10 = -2*j + t. Let k = 1 + j. What is the units digit of k?
8
Let l = 14 + -9. Suppose 4*x - 453 = -3*j, -l*j - 3*x + 755 = -x. What is the units digit of j?
1
Let i(x) = -x**3 + 6*x**2 + 8*x - 9. Let y be i(7). Let m = y + -2. What is the tens digit of 21 + -2 - (-8)/m?
1
Suppose -u = 1, -u + 4*u = -2*g + 69. What is the units digit of g?
6
Suppose -5*l - 13 - 118 = -4*a, -a - 2*l = -36. Let g = 60 - a. Suppose -g - 22 = -3*y. What is the tens digit of y?
1
Let j be (-3 - 35/(-25))*-15. Let z = 122 - j. What is the tens digit of z?
9
Suppose -4*d - h + 2193 = 0, -4*h + 27 = 7. What is the units digit of d?
7
Suppose -18*k + 12*k + 558 = 0. What is the tens digit of k?
9
Let l be -4 + 2 - -1 - -286. Let a be (-2)/(l/96 - 3). What is the tens digit of (5 + a)*(-2)/(-6)?
2
Let v(g) = -12*g**3 + 10*g**2 + 8*g + 11. What is the hundreds digit of v(-5)?
7
Suppose 2*s + 398 = f, -6*s + 5 = -s. What is the units digit of f?
0
Let n = -9 - -15. Suppose q = n*q. Let p(d) = -2*d + 46. What is the units digit of p(q)?
6
Let i(r) = -49*r**2 - 11*r - 6. Let q(s) = -6*s**2 + 4 - 4*s**2 - 2 - 3 - 2*s. Let j(y) = 2*i(y) - 11*q(y). What is the units digit of j(-1)?
1
Suppose -8*k - 1664 = -12*k. What is the units digit of k?
6
Let j be (2/(-5))/(-6*2/90). Suppose 13 + 41 = x - 5*s, 25 = -5*s. Let r = j + x. What is the units digit of r?
2
Let w be 2 + 0/(-5 + 4). Suppose -u = -3*v - w*v + 161, 4*v - u - 129 = 0. What is the units digit of v?
2
Let b = 71 + 2334. What is the units digit of b?
5
Let i be 0 - 4 - ((-1 - 2) + 0). What is the tens digit of i*(-14 + 5)*9?
8
Let n(m) = 159*m**2 - 17*m - 87. What is the hundreds digit of n(-4)?
5
Let k(y) be the first derivative of y**4/4 - 19*y**3/3 + 10*y**2 + 42*y + 5. What is the units digit of k(18)?
8
Suppose -3*q + 39 = 3. Suppose -8*a + 4*a - q = 0. Let p(t) = -t**3 + t**2 + 7. What is the tens digit of p(a)?
4
Suppose -169 = -5*b + 126. What is the tens digit of b?
5
Let a(p) = -p**3 - p**2 - 4*p - 4. Let x be a(-2). Let f = 43 - x. What is the tens digit of f?
3
Let v(g) = -g**3 + 5*g**2 - 5*g + 1. Let f be v(4). What is the tens digit of (21/(-14))/(f/154)?
7
Let a(v) = 44*v - 21. What is the hundreds digit of a(29)?
2
Suppose -3*i = -5*i - u + 12, 2*u - 4 = 0. Let n(s) = s**3 + 7*s**2 + 7*s - 5. Let z be n(-6). Let d = i - z. What is the units digit of d?
6
Let v(d) = d**3 - 4*d**2 + 5*d - 6. Let b be v(3). Suppose 128 = 4*i - b*i. Let x = i - -14. What is the tens digit of x?
4
Let k(i) = i + 1. Let s be k(4). Let l be (36/(-45))/((-1)/s). What is the tens digit of 8/l - -1 - -27?
3
Let t(v) = -v**3 - 14*v**2 - 12*v + 12. Suppose 5*h = -62 - 3. Let x be t(h). What is the tens digit of (1 - 4) + x + 58?
5
Suppose -11262 = -13*k + 31248. What is the tens digit of k?
7
Suppose 10*j = 12*j. Suppose j = -4*b - 4*b + 400. What is the units digit of b?
0
Let f = 33 + 0. Suppose 418 = 5*d + f. What is the tens digit of d?
7
Let t be 15/2*(-12)/(-5) + 1. Let j = 30 - t. What is the units digit of j?
1
Let b = -82 + 16. Let y = b + 79. What is the units digit of y?
3
Suppose -f + 290 = -6*f. Let z = f + 121. What is the tens digit of z?
6
Suppose -3*y + 31 = 5*j, 2*y + 6 = -0*y + 2*j. Suppose u - 338 = -5*h, 2*u - 140 = -y*h + 4*u. What is the tens digit of h?
6
Let q(n) = n**3 + 5*n**2 - 12*n + 10. What is the hundreds digit of q(6)?
3
Let g = 812 - 381. What is the units digit of g?
1
Let o(b) = -13*b**3 - b**2 - b - 1. Let t be o(-1). Let w be 1 - ((4 - t) + 1). What is the tens digit of 2/(w/(-4)) - -19?
1
Let a(n) = -n - 5. Let h be 2/(-3 - (-100)/36). Let z be a(h). Suppose 0*g - 8 = 4*g, 2*v = z*g + 58. What is the units digit of v?
5
Suppose 2 = 3*w - 13. Suppose 0 = u - 9 + w. Suppose -3*f + 19 = 4*c - 2*c, -2*f - u = -2*c. What is the units digit of c?
5
Suppose -2*m = -84 + 78. Suppose m*q - 185 = -2*q. What is the tens digit of q?
3
Suppose 0*l + 4*l = -48. Let f be (8/l)/(1/6). What is the units digit of -6*2*13/f?
9
Let i be (-354)/30 + (6/(-10))/3. What is the tens digit of (-8)/(i/(-3)) - -20?
1
Let t = 15769 - 10007. What is the thousands digit of t?
5
Let k(u) = u**3 - 9*u**2 + 9*u**3 + 7*u - 4*u**3 - 4*u**3. What is the units digit of k(5)?
0
Let z(u) be the third derivative of -u**7/1680 + u**6/720 - u**5/12 + 3*u**2. Let w(v) be the third derivative of z(v). What is the units digit of w(-2)?
7
Suppose 4*r = r + 12. Suppose 0 = -5*q - x + 7 + 23, 0 = r*x - 20. Suppose 3*k + 24 = v, q*v - 4*k = k + 90. What is the units digit of v?
5
Let k(o) = -4*o + 19*o - 8*o - 4*o. Let d be k(3). What is the tens digit of ((-3)/d)/(1/(-243))?
8
Let c = 782 + 20. What is the hundreds digit of c?
8
Let z(x) = 193*x**2 - x + 2. Let g be z(1). Let n be 40 + (-3 - -1)/2. Suppose 5*d + n - g = 0. What is the units digit of d?
1
Let p = -354 + 345. Let d be (9*-4)/(2/(-2)). What is the units digit of p/d - (-162)/8?
0
What is the hundreds digit of (-128)/24 + 6 - 916/(-3)?
3
Let l = 254 - 168. What is the tens digit of l?
8
Let y(z) = -2*z - 14. Let j be y(-9). Suppose 2*o = -4*v + 19 + 61, j*o - v - 178 = 0. What is the units digit of o?
4
Let u = -25 + 163. What is the units digit of u?
8
Let s be ((-54)/(-8))/((-24)/64). Let v(l) = -l**2 - 22*l - 27. What is the units digit of v(s)?
5
Let t be 4/6 + 52/3. Let m = t - 48. Let y = -18 - m. What is the units digit of y?
2
What is the tens digit of (-27)/(-3) + -7 - -83?
8
Suppose 5*t - 4*y = 116, -8*t - 5*y = -4*t - 101. Let s(d) = d + 1. Let k be s(5). Suppose -t =